f j(-25)?
6
Let y = 26 + -24. Suppose -2*z + 127 = -z - 4*l, 4*l - 194 = -y*z. Suppose -z = 2*s - 443. What is the units digit of s?
8
Let x(w) be the third derivative of w**5/60 + w**4/8 - 11*w**3/6 - 118*w**2. What is the units digit of x(-7)?
7
Suppose 468*t + 120302 = 482*t. What is the units digit of t?
3
Suppose -2*r = 5*j - 94, -4*j - 32 = -6*j + 2*r. What is the tens digit of -68*(-15)/j - 3/(-9)?
5
Suppose 13*z - 23 = 29. What is the hundreds digit of 0 + (255 - (-7 + 16/z))?
2
Let v(w) = w**3 - 7*w**2 - 2*w + 8. Let h be v(4). Let y be ((-7)/2)/(8/h). Suppose 4*b + 5*m - 21 = y, 5*b = 5*m + 75. What is the units digit of b?
3
What is the thousands digit of (-160)/(-360)*(0 - -11538)?
5
Let z(l) = 13*l**3 - 137*l**2 - 6*l + 13. What is the thousands digit of z(14)?
8
Let m be ((-3)/(-1) - -2)/(40/32). Suppose -x - 83 = -2*v, 0*v - 5*x = m*v - 145. What is the tens digit of v?
4
Suppose -2*s + m + 2204 = 0, 3058 = 5*s - m - 2449. What is the units digit of s?
1
Suppose 627307 + 468529 = 233*d - 1825052. What is the tens digit of d?
3
Let u be -1*(-1)/(-2) - 14/(-4). Suppose u*g + 2*r = 1064, -284 = -2*g + 2*r + 442. What is the tens digit of g?
5
Let k be ((-4 - -4)/1)/(3 + -2). Let m be (-6 + 6)*(k + 1). Suppose m = -i + 64 - 17. What is the tens digit of i?
4
Let f = -9 + 6. Let d(l) = -104*l + 13. What is the units digit of d(f)?
5
Let s(j) = 3*j**2 - 14*j + 20. Let b be s(2). Suppose b*u = -2*t + 1240, -16*t + 11*t - 1226 = -4*u. What is the tens digit of u?
0
Suppose -29 = -5*v + 15*d - 11*d, 4 = d. What is the units digit of (3*(-1)/v)/(7/(-6783))?
3
Let l(j) be the second derivative of 83*j**4/6 - j**3 - 3*j**2 - 5*j - 4. What is the units digit of l(2)?
6
Let h be -2 - ((-29 - -18) + 6 + -1). Suppose 4 = -2*f + 5*j - 7, -6 = f - 2*j. What is the tens digit of (3/h)/(f/(-1088))?
0
What is the tens digit of 8 + 53190 + (1 - -2)*-3?
8
Let n(c) be the first derivative of 932*c**3/3 + c**2/2 + c + 186. What is the units digit of n(1)?
4
What is the thousands digit of 411112/40 - (2 - (-22)/(-10))?
0
Let v(p) = -37*p**2 + 20*p - 45. Let s be v(5). Let u = 1617 + s. What is the hundreds digit of u?
7
Suppose -3*f = -4*a + a + 24, 5*f + 29 = 4*a. What is the tens digit of (a + -179)*(-2)/(-6)*-4?
2
Suppose -4*z + 13680 = 2*p, 6834 = p + 82*z - 78*z. What is the tens digit of p?
4
Suppose -7*m - 2*q = -8*m + 736, 4*q = -4*m + 2980. What is the hundreds digit of m?
7
Let c(x) = 741*x + 2326. What is the thousands digit of c(32)?
6
Let m(x) = 11*x + 39. Let l be m(17). Let i(c) = -16*c**3 - 6*c**2 - 4*c + 2. Let p be i(-3). Let h = p - l. What is the tens digit of h?
6
Let n(f) = f**2 + 3*f + 24. Let j(c) = -c**3 + c**2 + 10*c - 1. Let z be j(4). Let b be ((-162)/(-12))/z*20/3. What is the tens digit of n(b)?
9
Suppose 0 = 3*m + 5*n - 35, -5*n = -m - 2*m + 25. What is the hundreds digit of (662 - 40/(-4)) + m/(-2)?
6
What is the thousands digit of 2536 - ((-36)/42)/(6/(-56))?
2
Suppose -2*p + 12 = -6*p, 0 = 3*z + 3*p - 228. Suppose 5*x - 4*x = -20. Let f = x + z. What is the units digit of f?
9
Let o(x) be the first derivative of -5 - 30*x + 15/2*x**2. What is the units digit of o(6)?
0
Let g(f) = 8*f + 5. Let r be g(-1). Let h be 3 + (r - -2) + 2. Suppose -4*p + 129 = 5*q - 156, -3*p + h*q = -206. What is the tens digit of p?
7
Suppose 4*d = 2*k + 21030 + 9256, -3*k + 21 = 0. What is the hundreds digit of d?
5
Suppose -7*l = 13*l + 7*l - 55593. What is the units digit of l?
9
What is the units digit of ((-5)/(-3))/5 + 78993/27?
6
Suppose -4*f = -w + 682, 0 = 7*w - 8*w - 4*f + 730. What is the tens digit of w?
0
Let m be 52/130 + 117/(-5). Let y(o) = -25*o + 110. What is the units digit of y(m)?
5
Suppose 417*q - 320344 - 375054 = -235864. What is the units digit of q?
2
What is the thousands digit of (67016/5)/((-1264)/(-7900))?
3
Let z be (-143 - -1)*(-69)/46. Suppose -5*m - z - 177 = 0. Let i = m + 147. What is the tens digit of i?
6
Let x = 231 + -137. Let h(j) = -22*j. Let l be h(2). Let c = l + x. What is the units digit of c?
0
Let g(i) = 9*i + 99. Let o be g(-10). Suppose -5*s + 875 = -5*l, -s - 2*l = -151 - o. What is the tens digit of s?
7
Suppose -88*q + 353124 + 1327246 = -1204446. What is the hundreds digit of q?
7
Suppose 1713*l + 57554 = 1720*l. What is the thousands digit of l?
8
Suppose 3*f = -2*r + 8993 + 28459, -r = -2*f - 18705. What is the hundreds digit of r?
7
Let a(m) = -m**3 + 72*m**2 - 116*m + 68. What is the thousands digit of a(67)?
4
Let g = -42556 - -66910. What is the tens digit of g?
5
Suppose -10*y + 18 = -4*y. Suppose 155 + 31 = y*p. What is the units digit of ((-6)/(-3))/((16/p)/4)?
1
What is the thousands digit of -8 - 7760610/(-189) - (-3)/(-7)?
1
Let y = -378 - -378. Let n(o) = 12*o**2 - 3*o + 1734. What is the hundreds digit of n(y)?
7
Suppose y - 5*j - 8836 = 0, -44276 = 4*y - 9*y + j. What is the hundreds digit of y?
8
What is the ten thousands digit of 2/18*118497 - ((-140)/(-15) - 9)?
1
Let u be ((-3)/(-1) - (-3)/(-1))/2. Suppose 17*q - 6*q - 1331 = u. What is the units digit of q?
1
Suppose 0 = 5*i + 4*b - 8344, 3352 = i + i - 2*b. What is the tens digit of -2*(-19 + i)*1/(-3)?
0
Let d = -103 - -106. Let o be (d - 88/28) + 68/(-14). Let w(i) = -25*i + 15. What is the hundreds digit of w(o)?
1
Suppose 4*w - 5*k = 87251, -4*w + 86*k - 88*k = -87202. What is the hundreds digit of w?
8
Let r(s) = s**2 + 10*s. Let l be r(-10). Let y(n) = -n**3 + n**2 + 2*n + 7. Let p be y(l). Suppose p*h - h - 1194 = 0. What is the tens digit of h?
9
Let a(t) = -3*t**3 + 42*t**2 + 193*t - 396. What is the hundreds digit of a(-23)?
8
What is the ten thousands digit of ((-469)/21)/(35/(-35595))?
2
Let q(m) = -3*m + 29. Let k = -43 - -47. Let g(j) = 3*j - 8. Let f be g(k). What is the tens digit of q(f)?
1
Let x = -1251 - -3011. Suppose 0 = 3*o - 8*o - x. What is the tens digit of (-3)/(-2)*o/(-33)?
1
Suppose -13*m = -12*m - 5*a + 7008, 0 = -4*m - 4*a - 28032. What is the units digit of (1/(-3))/(4/m)?
4
Let f be ((-84)/(-49))/((-2)/14). Let y be (f/(-14))/((-16)/(-112)). Let p(s) = s**3 - 4*s**2 + 6*s + 10. What is the units digit of p(y)?
8
Suppose -3*f + 60 = -13*f. Let a be (-2 - (-2)/3)/(2/f). Suppose u = -o + 61, 3*o = a*o. What is the tens digit of u?
6
Let o be -1 - (13/(-39))/(2/(-72)). Let f(p) = -52*p - 95. What is the tens digit of f(o)?
8
Let l = 521 + -921. Let q = l + 795. What is the hundreds digit of q?
3
What is the thousands digit of (6301 - 1) + 648/(-216)?
6
Let z = -589 + 606. Suppose z*t - 5*t - 12408 = 0. What is the tens digit of t?
3
Suppose 9*m = 2*m + 2*m + 79440. What is the hundreds digit of m?
8
What is the tens digit of 5/(-3) + ((-41865)/(-9) - -15)?
6
Let k(r) = 7*r - 8 + 3*r**3 + 1 - 1 - 5*r**2 - 2*r**3. Let b be k(4). Suppose -6*s = -b*s - 366. What is the tens digit of s?
8
Let q be (-1 + (-12)/(-8))*-1*-10. Suppose -q*g + 0*s - 2*s + 24 = 0, 2*s = g. Suppose -3*f - 2*w = -63, 0 = -f - 2*w + 25 - g. What is the tens digit of f?
2
Let q = -3343 + 2220. What is the hundreds digit of q/(2/(-12) - (-195)/(-234))?
1
Let u(m) = 51*m**2 - 2*m - 32. What is the tens digit of u(16)?
9
Suppose -i - 5*m + 25 = 0, m + 55 = 4*i + 6*m. Suppose 3*q - 3*o = 2*q - 2, 4*q = 3*o + i. Suppose 0 = -u + q*u - 360. What is the units digit of u?
0
Suppose -4*x + 3 = -5, 0 = 5*a - 3*x + 11. What is the tens digit of a/11 - 30303/(-99)?
0
Let s(k) = -72*k**3 - 6*k**2 - 113*k - 23. What is the tens digit of s(-7)?
7
Let p(j) = -j**2 + 13*j + 43. Let h be p(14). Suppose -2*a + 7*a + 54 = 3*z, -z - 2*a + h = 0. What is the units digit of z?
3
Let h be ((-2)/3)/((-8)/60). Let w(x) be the third derivative of x**6/120 + x**5/60 - 7*x**4/12 - x**3 + 4*x**2. What is the units digit of w(h)?
4
Suppose 325 - 325 = -11*b. Suppose 3*x = -3*l - b*l + 3720, -4*l + 2*x = -4984. What is the thousands digit of l?
1
Suppose 2*d + 58 - 36824 = -2*f, -f + 2 = 0. What is the units digit of d?
1
What is the hundreds digit of (-1 - (-5)/(-4))*368320/(-120) + -2?
9
Let w = -145 - -148. Suppose p = w*c + 816, p - 23*c = -19*c + 820. What is the tens digit of p?
0
Let w(o) = -5*o**3 + 3*o**2 - 4*o + 3. Suppose 12 = 5*q + h, -2*q + 4*h = 6 - 2. Let v be w(q). Let c = v + 152. What is the hundreds digit of c?
1
Suppose -l = -4*l + 